en 7966347 is divided by 1747?
27
What is the remainder when 13822208 is divided by 593?
564
What is the remainder when 3991428 is divided by 3894?
78
Calculate the remainder when 1139837 is divided by 209.
160
Calculate the remainder when 1323987 is divided by 1072.
67
Calculate the remainder when 366647 is divided by 581.
36
What is the remainder when 298344 is divided by 584?
504
Calculate the remainder when 7189534 is divided by 296.
286
What is the remainder when 11855528 is divided by 4662?
62
Calculate the remainder when 7917 is divided by 310.
167
Calculate the remainder when 7339 is divided by 109.
36
What is the remainder when 972662 is divided by 3242?
62
What is the remainder when 2630374 is divided by 2684?
54
Calculate the remainder when 142386756 is divided by 1867.
1
What is the remainder when 163515 is divided by 1751?
672
What is the remainder when 37403929 is divided by 681?
4
Calculate the remainder when 331777 is divided by 66224.
657
What is the remainder when 33093887 is divided by 1724?
1707
What is the remainder when 4886069 is divided by 296?
293
What is the remainder when 231699708 is divided by 23?
8
What is the remainder when 3487895 is divided by 502?
501
What is the remainder when 1869308 is divided by 1869261?
47
What is the remainder when 7546634 is divided by 14?
4
Calculate the remainder when 13937359 is divided by 6968657.
45
Calculate the remainder when 34908896 is divided by 20.
16
Calculate the remainder when 665579 is divided by 28425.
11804
What is the remainder when 159453 is divided by 52844?
921
What is the remainder when 190882 is divided by 95416?
50
Calculate the remainder when 59389 is divided by 28055.
3279
Calculate the remainder when 2955926 is divided by 13.
12
Calculate the remainder when 975901 is divided by 1654.
41
What is the remainder when 101088 is divided by 1233?
1215
Calculate the remainder when 405253 is divided by 73.
30
What is the remainder when 47892292 is divided by 1069?
23
What is the remainder when 73868 is divided by 18315?
608
What is the remainder when 602753 is divided by 200328?
1769
Calculate the remainder when 634841 is divided by 28846.
229
Calculate the remainder when 671351 is divided by 770.
681
Calculate the remainder when 17200520 is divided by 3235.
25
Calculate the remainder when 465473 is divided by 211.
7
Calculate the remainder when 189336686 is divided by 164.
162
Calculate the remainder when 34515241 is divided by 17257586.
69
What is the remainder when 267441 is divided by 115?
66
Calculate the remainder when 349840 is divided by 115762.
2554
Calculate the remainder when 920706 is divided by 184135.
31
What is the remainder when 938165 is divided by 2510?
1935
Calculate the remainder when 13761674 is divided by 6.
2
Calculate the remainder when 2849340 is divided by 1424031.
1278
Calculate the remainder when 7468441 is divided by 501.
34
Calculate the remainder when 2850899 is divided by 1942.
43
Calculate the remainder when 2608545 is divided by 228.
225
What is the remainder when 174051715 is divided by 21?
19
What is the remainder when 3372856 is divided by 59?
3
What is the remainder when 3841857 is divided by 2295?
27
Calculate the remainder when 11925540 is divided by 795028.
120
Calculate the remainder when 9226415 is divided by 140.
135
Calculate the remainder when 81917595 is divided by 200.
195
What is the remainder when 1997583 is divided by 110975?
33
What is the remainder when 856607 is divided by 171291?
152
What is the remainder when 127361474 is divided by 3305?
3299
Calculate the remainder when 14926742 is divided by 621945.
62
Calculate the remainder when 565667 is divided by 111.
11
Calculate the remainder when 924694 is divided by 131464.
4446
Calculate the remainder when 56579 is divided by 365.
4
What is the remainder when 170704 is divided by 1016?
16
What is the remainder when 72627078 is divided by 449?
430
What is the remainder when 45379 is divided by 31?
26
What is the remainder when 5067289 is divided by 723882?
115
Calculate the remainder when 4246051 is divided by 49941.
1066
What is the remainder when 375829 is divided by 872?
869
What is the remainder when 300419361 is divided by 182?
151
What is the remainder when 26359 is divided by 4368?
151
What is the remainder when 2999388 is divided by 333264?
12
Calculate the remainder when 1297657 is divided by 49900.
257
Calculate the remainder when 708035 is divided by 350.
335
Calculate the remainder when 1329225 is divided by 5881.
119
What is the remainder when 1325380 is divided by 165670?
20
Calculate the remainder when 133807563 is divided by 2546.
2533
What is the remainder when 11608 is divided by 8151?
3457
Calculate the remainder when 372335873 is divided by 2908874.
1
What is the remainder when 32632 is divided by 29941?
2691
Calculate the remainder when 4162291 is divided by 27.
25
What is the remainder when 15743643 is divided by 3515?
3473
Calculate the remainder when 3841707 is divided by 2050.
7
Calculate the remainder when 9936992 is divided by 17.
16
What is the remainder when 7472500 is divided by 6607?
6590
Calculate the remainder when 836120 is divided by 1144.
1000
What is the remainder when 25572248 is divided by 2557224?
8
What is the remainder when 131243 is divided by 16331?
595
Calculate the remainder when 47266043 is divided by 37.
23
What is the remainder when 4805 is divided by 2370?
65
What is the remainder when 575234 is divided by 52277?
187
What is the remainder when 80890 is divided by 1092?
82
What is the remainder when 971520 is divided by 4978?
810
What is the remainder when 422091 is divided by 52735?
211
What is the remainder when 79987 is divided by 1480?
67
Calculate the remainder when 161468 is divided by 349.
230
What is the remainder when 32662884 is divided by 976?
68
What is the remainder when 19537045 is divided by 3412?
3345
Calculate the remainder when 326392 is divided by 372.
148
What is the remainder when 99125 is divided by 19821?
20
Calculate the remainder when 1808137 is divided by 66967.
28
Calculate the remainder when 12653504 is divided by 6326744.
16
What is the remainder when 46664 is divided by 7738?
236
Calculate the remainder when 70362961 is divided by 11.
9
What is the remainder when 48026 is divided by 23779?
468
What is the remainder when 100660249 is divided by 1837?
1834
What is the remainder when 6566901 is divided by 3895?
3826
Calculate the remainder when 3106611 is divided by 1160.
131
Calculate the remainder when 134653 is divided by 18846.
2731
What is the remainder when 1364981 is divided by 1129?
20
What is the remainder when 445598 is divided by 793?
725
What is the remainder when 2252307 is divided by 386?
383
Calculate the remainder when 12302694 is divided by 438.
150
What is the remainder when 3303635 is divided by 3303476?
159
What is the remainder when 91914 is divided by 2809?
2026
Calculate the remainder when 1280164 is divided by 429.
28
What is the remainder when 9709 is divided by 2689?
1642
What is the remainder when 19455 is divided by 362?
269
Calculate the remainder when 129507 is divided by 613.
164
Calculate the remainder when 48138166 is divided by 2228.
2226
Calculate the remainder when 22407872 is divided by 4256.
32
Calculate the remainder when 670678 is divided by 1455.
1378
What is the remainder when 2099646 is divided by 1049821?
4
Calculate the remainder when 325955 is divided by 65157.
170
What is the remainder when 14493620 is divided by 2833?
2825
What is the remainder when 718487 is divided by 783?
476
Calculate the remainder when 365701 is divided by 2230.
2211
Calculate the remainder when 42764634 is divided by 4751623.
27
What is the remainder when 8854718 is divided by 59?
57
Calculate the remainder when 39291 is divided by 15741.
7809
What is the remainder when 1083448 is divided by 607?
560
Calculate the remainder when 29650 is divided by 1648.
1634
Calculate the remainder when 15188648 is divided by 128.
40
Calculate the remainder when 7111 is divided by 5229.
1882
What is the remainder when 2371888 is divided by 496?
16
What is the remainder when 121527117 is divided by 572?
569
Calculate the remainder when 541670 is divided by 433.
420
What is the remainder